+ 3*h + 2705. Suppose 5*u - 4*i + 20 - n = 0, 204 = 2*u - 3*i. Is 9 a factor of u?
True
Let x(j) = -36*j + 3. Let g be x(-5). Let y = -15123 - -15580. Suppose -q + 5*r + 151 = 0, 2*r + y = 4*q - g. Does 32 divide q?
False
Does 8 divide ((-148)/(-111))/(((-12817)/(-4272))/1 - 3)?
True
Suppose 0 = -3*k - u + 66, 5*u - 32 = -k + 4. Suppose 0 = k*v - 20*v - 69. Does 8 divide v?
False
Suppose -12*h - 2*h + 16259 = -32041. Does 44 divide h?
False
Suppose 2*i - 460 = 4*k + 6*i, 5*k + i = -559. Let a = k + 161. Does 12 divide a?
False
Let t(a) = -57*a - 31. Let r be t(-3). Is ((-240)/(-28))/(10/r) a multiple of 10?
True
Let g(d) = 517*d**2 - 34*d - 297. Is g(-7) a multiple of 161?
False
Suppose 0 = 24*v - 26*v - 5*g + 9617, -g = -5*v + 24029. Is 18 a factor of v?
True
Let r = 39 - 89. Let g = 51 + r. Suppose -5*m + 89 = -g. Does 4 divide m?
False
Let p(y) = y**3 + 9*y**2 - 12*y + 15. Let k be p(-10). Suppose -k*q - 420 = -38*q. Does 14 divide q?
True
Suppose -23 + 3 = -a. Suppose g - 17 = a. Does 6 divide g?
False
Let n(x) be the first derivative of x**2/2 + 19*x + 2. Suppose -h + 5*s = -194 + 168, 3*h + 2*s - 27 = 0. Is n(h) a multiple of 30?
True
Let g = -40 + 81. Let t be (g - 36) + 173 + 1. Suppose -2*q = -b - t, 1 = 5*b + 6. Does 33 divide q?
False
Suppose 0 = -5*f + 2*l + 31757, -l = 5*f - 32196 + 427. Is 48 a factor of f?
False
Let q(a) = 104*a - 5. Let k be 1*(-4)/(-6)*27/(-9). Let n(s) = s**3 + 2*s**2 - 4*s - 7. Let z be n(k). Is q(z) a multiple of 9?
True
Is 9 a factor of -1116*(1457/(-470) - ((-3)/(-10))/(-3))?
True
Does 11 divide 17096/16 - (-297)/(-66)?
False
Let u(c) = 8*c**3 + 9*c**2 - 53*c + 244. Is u(5) even?
True
Let w = -311 + 362. Is w a multiple of 23?
False
Let y = -3004 + 6690. Is 53 a factor of y?
False
Let a = -56 + 58. Let r(c) = 3*c + 11. Let i be r(a). Suppose 2*q - 2*v - 3 - i = 0, -4*v = 5*q - 68. Is 6 a factor of q?
True
Let s(l) = 431*l**2 + 12*l - 34. Is s(2) a multiple of 43?
False
Suppose 13*y - 14993 = 10*y + 5*h, -3*y + 15049 = 2*h. Is y a multiple of 74?
False
Suppose -4*b = 392 - 104. Let t be (-858)/(-8) + 157/(-628). Let p = t + b. Does 11 divide p?
False
Does 16 divide 13 - (-7893 + 18) - (-1 + 0)?
False
Suppose f = 2*w - 0*f + 21, -4*w - 4*f = 12. Does 6 divide w + (-2250)/(-81) + (-6)/(-27)?
False
Suppose 199*w - 73*w - 97928 = -26864. Is 78 a factor of w?
False
Suppose -5*h = 2*i - 23, -38*i + 23 = -33*i + h. Suppose -i*y - 351 = -o, -1404 = -4*o - 7*y + 9*y. Is 20 a factor of o?
False
Let q(w) = -w**3 - 4*w**2 + 6*w + 3. Let i be q(-5). Let t be (10 - i) + -1 + 1. Let k(v) = v**2 - 10*v - 2. Is 22 a factor of k(t)?
True
Let u be (-1)/4 + (-13)/(-4). Suppose 0 = -u*o + 15, -5*l - o - o = -190. Is l a multiple of 3?
True
Let s = 1204 + 5575. Is s a multiple of 32?
False
Let a = -64 + 6. Let q = 218 + a. Is q a multiple of 5?
True
Suppose -6*n + 9*n = 939. Suppose n = 7*z + 75. Let p = 2 + z. Is 7 a factor of p?
False
Suppose d - 396480 = -58*d. Does 27 divide d?
False
Suppose -5*g + 857 = 4*r, 2*r - 3*g - 394 = 51. Let a = r - 69. Does 9 divide a?
False
Let s be (-4 + 6)/(2/157). Suppose -s = -c + 161. Let g = -223 + c. Does 19 divide g?
True
Let i(g) = -g**2 - g + 32. Let t be i(-6). Suppose 0*b = t*b + 4, 2*s + 3*b - 184 = 0. Is 7 a factor of s?
False
Let m = -484 + 988. Does 17 divide m?
False
Let w be (0 - 1)/(2/(-30)). Let o be 1041/9 + 5/w. Suppose -i = 2*i - 5*g - o, 5*g - 140 = -5*i. Is i a multiple of 14?
False
Let a be (113/2)/(2/(-4)). Let t be (5 - 4)*a*1. Let m = -3 - t. Is 26 a factor of m?
False
Let l(u) = 4*u**2 + 0*u**2 - 5*u**2 + 2*u**2 - 59*u**3 - 2. Let g be l(-2). Suppose -5*i + 3*p + 1247 = 0, -g = -2*i - 8*p + 3*p. Is 13 a factor of i?
True
Suppose 0 = -p - 4*s, 2*p - 7 = 4*s + 29. Suppose 8*u = p*u - 592. Does 37 divide u?
True
Let x(h) = -18111*h - 1341. Does 4 divide x(-1)?
False
Suppose -3*p = 5*n - 204, -p + 3*n - 2*n = -60. Suppose 4*k - p = -3*k. Suppose 376 = -5*t + k*t. Is t a multiple of 14?
False
Let d be (-6)/(-33) + 20723/187. Suppose 106*f - d*f = -1760. Is f a multiple of 22?
True
Suppose 3*i - 117 = -0*b - 3*b, b - 42 = 2*i. Suppose 2*v + 40 = 4*v. Suppose 0 = -4*a + v + b. Does 6 divide a?
False
Let v be (-150 - 90/(-10))/((-3)/7). Let o = -185 + v. Is 48 a factor of o?
True
Let i be 146/14 - -2*(-18)/(-63). Let u be 2/3 + (-394)/6. Let x = i - u. Is x a multiple of 38?
True
Is (-3766 - 5)/(((-36)/16)/3) a multiple of 12?
True
Suppose 163*d - 84*d + 1007956 = 138*d. Is d a multiple of 4?
True
Let q be 11 + (-304)/24 + 2/(-6). Is (66/(-88))/(q/(-8)) + 309 a multiple of 18?
True
Suppose 3*d + 910 = 4*i + 226, -3*i + 2*d + 514 = 0. Let k = 141 + i. Does 15 divide k?
True
Suppose 0 = 4*p - 3702 - 2818. Let c = -1126 + p. Does 14 divide c?
True
Suppose -4565 = -16*x + 3003. Suppose -3*n + 574 = -x. Is 7 a factor of n?
False
Let g = -21427 - -32106. Does 4 divide g?
False
Let b(q) = 15*q**3 - 5*q**2 - 1. Let d be b(4). Let r = d + -504. Is 14 a factor of r?
False
Suppose -93*z = -99*z + 32604. Is 22 a factor of z?
True
Let o be ((-119)/(-3))/(9 - 182/21). Let s = 526 - o. Is s a multiple of 41?
False
Suppose k = -2*m - 2*k + 14, -6 = -2*m + k. Let q be m/(-22) + 48/22. Suppose 0 = 2*y - a + q*a - 265, 2*y - 263 = a. Is y a multiple of 11?
True
Let u = 75352 + -53818. Is 20 a factor of u?
False
Suppose 15 = -5*r - 5, -4*y - 5*r = -25648. Is 8 a factor of y?
False
Let a be -12*(-70 - -4)/1. Suppose 7*i - 4*i - a = 0. Does 22 divide i?
True
Suppose -608 = 2*w - 5*l, -2*l - 708 = 2*w - 128. Let f = -177 - w. Does 39 divide f?
True
Let u = -245 + 245. Suppose 3*p - 61*j - 195 = -64*j, u = -j + 5. Is p a multiple of 30?
True
Let u(l) = -l**2 - 10*l - 5. Let j be u(-9). Suppose -5*f - 9 = -j*z - 41, 5*f = -3*z + 11. Suppose f*c = 90 + 6. Is c a multiple of 2?
True
Suppose -12*g = -16*g, g + 135 = 5*u. Suppose 3 - 7 = -4*k, 5*c - 3*k = u. Suppose c*b - 894 + 294 = 0. Does 25 divide b?
True
Suppose -a + 2*a = 8. Suppose -3*f + 11*g + 17 = 12*g, 2*g = -2*f + 6. Is 1300/a + 2/(f + -3) a multiple of 27?
False
Let j(g) = -g**3 - 42*g - 3. Let c(w) = -7*w**3 + 2*w**2 - 3*w. Let i be c(1). Does 11 divide j(i)?
False
Suppose 7 - 1 = 2*y, 2*p = -4*y + 574. Suppose -26 = z - p. Is z a multiple of 17?
True
Let b = 53 + -71. Let m = 22 + b. Suppose 28 = m*k - 100. Is 10 a factor of k?
False
Let b(w) = w**3 - 58*w**2 + 58*w + 172. Is b(58) a multiple of 26?
True
Let f be (5/(-15))/(1/3). Let k(v) = -638*v - 7. Let z be k(f). Suppose -3*y + z - 33 = 4*o, y = 5*o + 193. Does 18 divide y?
True
Does 34 divide (-3 - (-2 - (-4)/8))*146608/(-294)?
True
Suppose -72 = -9*c + c. Suppose b - 1130 = -c*b. Let d = -68 + b. Is 15 a factor of d?
True
Suppose 9 = r - 3*w, -r - 97 = -6*r + 2*w. Let u be (-6)/r - 1644/(-21). Suppose 2*t = 2*h + 234, 5*t - 653 = -5*h - u. Does 11 divide t?
False
Let g(y) be the second derivative of -y**4/12 + y**3/6 - 2*y**2 + y. Let n be g(5). Let c = n + 65. Does 3 divide c?
False
Let x = -6116 + 10454. Suppose -7300 = -23*u + x. Does 23 divide u?
True
Let p(x) = -61*x + 4. Let w be p(-2). Let m(c) = c**3 - 8*c**2 - 3*c + 16. Let l be m(9). Let b = w - l. Is b a multiple of 13?
False
Let s(i) = i + 13. Let d be s(21). Suppose d*j - 66 = 28*j. Is j even?
False
Let c(i) = i**3 - 8*i**2 + 15*i - 13. Let d be c(6). Suppose 0 = 3*l + 3, d*g + 3*l = 4*l + 1126. Is g a multiple of 31?
False
Let w = -6099 - -7417. Is w a multiple of 8?
False
Let t(f) = -f**2 - 105*f + 1361. Is t(0) a multiple of 2?
False
Suppose 4*i - 2*o - 280 = 0, 6*o - 236 = -3*i + o. Suppose 10*n + i = 6*n. Is (-19)/(3/(-108) + 4/n) a multiple of 19?
True
Let o(g) = -10*g + 311. Suppose 0 = 3*k + 4*k + k. Is 24 a factor of o(k)?
False
Suppose z - 5 = 2*u, -5*z + 17 = -2*u - 0. Suppose -3*h + z*b = -18, 5*b + 20 - 5 = 0. Suppose -8*s + 635 = -h*s. Is s a multiple of 42?
False
Let y = 29 + -7. Let u(v) = -4*v - 23. Let o(c) = -19*c - 90. Let w(q) = -4*o(q) + 18*u(q). Is 17 a factor of w(y)?
True
Suppose 0 = -24*a + 26*a + 4. Is 15 a factor of (549/(-18))/(a/20)?
False
Suppose -4*y = -f + 14 - 172, -3*y - 5*f + 130 = 0. Let g(m) = 12*m - 259. Is g(y) a multiple of 2?
False
Suppose -310*g - 105*g + 6225120 = 245*g. Is 13 a factor of g?
False
Let y = -28 + 33. Suppose y*d - 5 = -l - l, d = -3*l + 14. Is 11 a factor 